{"id":61,"date":"2016-12-15T20:05:56","date_gmt":"2016-12-15T19:05:56","guid":{"rendered":"http:\/\/anwaltskanzlei-krummel.de\/cms\/?page_id=61"},"modified":"2024-03-13T20:38:52","modified_gmt":"2024-03-13T19:38:52","slug":"kanzleiprofil","status":"publish","type":"page","link":"https:\/\/anwaltskanzlei-krummel.de\/cms\/kanzleiprofil\/","title":{"rendered":"Kanzleiprofil"},"content":{"rendered":"<p><a href=\"https:\/\/anwaltskanzlei-krummel.de\/cms\/wp-content\/uploads\/2016\/12\/c1_pexels-photo.jpg\"><img decoding=\"async\" loading=\"lazy\" class=\"alignnone size-full wp-image-128\" src=\"https:\/\/anwaltskanzlei-krummel.de\/cms\/wp-content\/uploads\/2016\/12\/c1_pexels-photo.jpg\" alt=\"\" width=\"700\" height=\"338\" srcset=\"https:\/\/anwaltskanzlei-krummel.de\/cms\/wp-content\/uploads\/2016\/12\/c1_pexels-photo.jpg 700w, https:\/\/anwaltskanzlei-krummel.de\/cms\/wp-content\/uploads\/2016\/12\/c1_pexels-photo-300x145.jpg 300w\" sizes=\"(max-width: 700px) 100vw, 700px\" \/><\/a><\/p>\n<p>Seit 1992 betreibe ich die Kanzlei in Burgst\u00e4dt bei Chemnitz. Gemeinsam mit\u00a0 erfahrenen Berufskollegen \u00a0und einem effektiven Sekretariatsteam \u00a0stehen wir zur Verf\u00fcgung, um f\u00fcr Sie vielf\u00e4ltige Rechtsfragen zu beantworten.<\/p>\n<p>Da Entscheidungsfindungen in der heutigen Zeit aufgrund der Komplexit\u00e4t der wirtschaftlichen Rahmenbedingungen,\u00a0 \u00a0der \u00a0Vielzahl\u00a0 \u00a0der \u00a0Gesetze\u00a0 \u00a0und \u00a0Verordnungen\u00a0 \u00a0und \u00a0der \u00a0zu \u00a0beteiligenden Beh\u00f6rden \u00a0bzw. Institutionen \u00a0immer h\u00f6here \u00a0Anforderungen \u00a0an die Sachkenntnis \u00a0stellen, \u00a0legen wir auf pers\u00f6nliche und individuelle Beratung gro\u00dfen Wert.<\/p>\n<p>Es ist f\u00fcr uns selbstverst\u00e4ndlich, \u00a0mit Verst\u00e4ndnis \u00a0und Enthusiasmus \u00a0bei der Sache zu sein und die \u00fcbertragenen \u00a0Aufgaben \u00a0professionell \u00a0und mit \u00a0hoher \u00a0Einsatzbereitschaft \u00a0anzugehen. \u00a0Dabei \u00a0stellen wir fundierte \u00a0Rechtskenntnisse, \u00a0langj\u00e4hrige Erfahrungen, \u00a0Integrit\u00e4t, \u00a0wirtschaftliches Verst\u00e4ndnis und Kostenbewusstsein \u00a0in den Dienst unserer Mandantschaft.<\/p>\n<p>Kompetente Beratung und ordentliche Betreuung f\u00fcr jeden Fall !<\/p>","protected":false},"excerpt":{"rendered":"<p>Seit 1992 betreibe ich die Kanzlei in Burgst\u00e4dt bei Chemnitz. Gemeinsam mit\u00a0 erfahrenen Berufskollegen \u00a0und einem effektiven Sekretariatsteam \u00a0stehen wir zur Verf\u00fcgung, um f\u00fcr Sie vielf\u00e4ltige Rechtsfragen zu beantworten. Da Entscheidungsfindungen in der heutigen Zeit aufgrund der Komplexit\u00e4t der wirtschaftlichen Rahmenbedingungen,\u00a0 \u00a0der \u00a0Vielzahl\u00a0 \u00a0der \u00a0Gesetze\u00a0 \u00a0und \u00a0Verordnungen\u00a0 \u00a0und \u00a0der \u00a0zu \u00a0beteiligenden Beh\u00f6rden \u00a0bzw. Institutionen \u00a0immer [&hellip;]<\/p>\n","protected":false},"author":1,"featured_media":0,"parent":0,"menu_order":0,"comment_status":"closed","ping_status":"closed","template":"","meta":[],"_links":{"self":[{"href":"https:\/\/anwaltskanzlei-krummel.de\/cms\/wp-json\/wp\/v2\/pages\/61"}],"collection":[{"href":"https:\/\/anwaltskanzlei-krummel.de\/cms\/wp-json\/wp\/v2\/pages"}],"about":[{"href":"https:\/\/anwaltskanzlei-krummel.de\/cms\/wp-json\/wp\/v2\/types\/page"}],"author":[{"embeddable":true,"href":"https:\/\/anwaltskanzlei-krummel.de\/cms\/wp-json\/wp\/v2\/users\/1"}],"replies":[{"embeddable":true,"href":"https:\/\/anwaltskanzlei-krummel.de\/cms\/wp-json\/wp\/v2\/comments?post=61"}],"version-history":[{"count":10,"href":"https:\/\/anwaltskanzlei-krummel.de\/cms\/wp-json\/wp\/v2\/pages\/61\/revisions"}],"predecessor-version":[{"id":781,"href":"https:\/\/anwaltskanzlei-krummel.de\/cms\/wp-json\/wp\/v2\/pages\/61\/revisions\/781"}],"wp:attachment":[{"href":"https:\/\/anwaltskanzlei-krummel.de\/cms\/wp-json\/wp\/v2\/media?parent=61"}],"curies":[{"name":"wp","href":"https:\/\/api.w.org\/{rel}","templated":true}]}}